{"id":6,"date":"2020-09-19T11:26:33","date_gmt":"2020-09-19T09:26:33","guid":{"rendered":"http:\/\/bbl-facilitation.fr\/?page_id=6"},"modified":"2020-09-27T11:24:00","modified_gmt":"2020-09-27T09:24:00","slug":"experte-marques-territoriales","status":"publish","type":"page","link":"https:\/\/bbl-facilitation.fr\/index.php\/experte-marques-territoriales\/","title":{"rendered":"Experte marques territoriales"},"content":{"rendered":"\n<p><strong>Sp\u00e9cialiste de la marque Valeurs Parc naturel r\u00e9gional<\/strong><\/p>\n\n\n\n<p>La marque Valeurs Parc r\u00e9unit une communaut\u00e9 de prestataires touristiques, agriculteurs et artisans qui partagent les m\u00eames convictions autour de l\u2019\u00e9quilibre homme-nature et d\u2019un d\u00e9veloppement durable et p\u00e9renne de leur territoire de travail et de vie. Anim\u00e9 par un Parc naturel r\u00e9gional, c\u2019est un r\u00e9seau \u00e0 taille humaine o\u00f9 l\u2019on privil\u00e9gie les liens et les rencontres.<\/p>\n\n\n\n<figure class=\"wp-block-image size-large is-resized\"><img loading=\"lazy\" src=\"http:\/\/bbl-facilitation.fr\/wp-content\/uploads\/2020\/09\/168-defi365-cBBL-996x1024.jpg\" alt=\"\" class=\"wp-image-8\" width=\"498\" height=\"512\" srcset=\"https:\/\/bbl-facilitation.fr\/wp-content\/uploads\/2020\/09\/168-defi365-cBBL-996x1024.jpg 996w, https:\/\/bbl-facilitation.fr\/wp-content\/uploads\/2020\/09\/168-defi365-cBBL-292x300.jpg 292w, https:\/\/bbl-facilitation.fr\/wp-content\/uploads\/2020\/09\/168-defi365-cBBL-768x789.jpg 768w, https:\/\/bbl-facilitation.fr\/wp-content\/uploads\/2020\/09\/168-defi365-cBBL-1494x1536.jpg 1494w, https:\/\/bbl-facilitation.fr\/wp-content\/uploads\/2020\/09\/168-defi365-cBBL-1992x2048.jpg 1992w\" sizes=\"(max-width: 498px) 100vw, 498px\" \/><\/figure>\n\n\n\n<figure class=\"wp-block-embed-youtube wp-block-embed is-type-video is-provider-youtube wp-embed-aspect-16-9 wp-has-aspect-ratio\"><div class=\"wp-block-embed__wrapper\">\n<p class=\"responsive-video-wrap clr\"><iframe loading=\"lazy\" title=\"La vie du r\u00e9seau VALEURS PARC dans les Parcs naturels r\u00e9gionaux de Provence-Alpes-C\u00f4te d\u2019Azur\" width=\"1200\" height=\"675\" src=\"https:\/\/www.youtube.com\/embed\/UmHJImYdz1Q?feature=oembed\" frameborder=\"0\" allow=\"accelerometer; autoplay; clipboard-write; encrypted-media; gyroscope; picture-in-picture\" allowfullscreen><\/iframe><\/p>\n<\/div><figcaption>Paroles de b\u00e9n\u00e9ficiaires et d&rsquo;animatrices de la marque Valeurs Parc en Provence-Alpes-C\u00f4te d&rsquo;Azur<\/figcaption><\/figure>\n","protected":false},"excerpt":{"rendered":"<p>Sp\u00e9cialiste de la marque Valeurs Parc naturel r\u00e9gional La marque Valeurs Parc r\u00e9unit une communaut\u00e9 de prestataires touristiques, agriculteurs et artisans qui partagent les m\u00eames convictions autour de l\u2019\u00e9quilibre homme-nature et d\u2019un d\u00e9veloppement durable et p\u00e9renne de leur territoire de travail et de vie. Anim\u00e9 par un Parc naturel r\u00e9gional, c\u2019est un r\u00e9seau \u00e0 taille [&hellip;]<\/p>\n","protected":false},"author":1,"featured_media":0,"parent":0,"menu_order":0,"comment_status":"closed","ping_status":"closed","template":"","meta":{"spay_email":""},"_links":{"self":[{"href":"https:\/\/bbl-facilitation.fr\/index.php\/wp-json\/wp\/v2\/pages\/6"}],"collection":[{"href":"https:\/\/bbl-facilitation.fr\/index.php\/wp-json\/wp\/v2\/pages"}],"about":[{"href":"https:\/\/bbl-facilitation.fr\/index.php\/wp-json\/wp\/v2\/types\/page"}],"author":[{"embeddable":true,"href":"https:\/\/bbl-facilitation.fr\/index.php\/wp-json\/wp\/v2\/users\/1"}],"replies":[{"embeddable":true,"href":"https:\/\/bbl-facilitation.fr\/index.php\/wp-json\/wp\/v2\/comments?post=6"}],"version-history":[{"count":5,"href":"https:\/\/bbl-facilitation.fr\/index.php\/wp-json\/wp\/v2\/pages\/6\/revisions"}],"predecessor-version":[{"id":61,"href":"https:\/\/bbl-facilitation.fr\/index.php\/wp-json\/wp\/v2\/pages\/6\/revisions\/61"}],"wp:attachment":[{"href":"https:\/\/bbl-facilitation.fr\/index.php\/wp-json\/wp\/v2\/media?parent=6"}],"curies":[{"name":"wp","href":"https:\/\/api.w.org\/{rel}","templated":true}]}}